s 3140353055 + 5?
3140353104
In base 16, what is 78ec - 1902?
5fea
In base 13, what is -7ab5 + -b0a?
-88c2
In base 6, what is 3253203302 - 0?
3253203302
In base 10, what is 4 + 295459599?
295459603
In base 11, what is -4 + 33618a?
336186
In base 14, what is -57 - 1d938?
-1d991
In base 16, what is -4bfa + -135a?
-5f54
In base 10, what is -178 - -344559?
344381
In base 4, what is 22233323200212 - -2?
22233323200220
In base 12, what is -262288 + -9?
-262295
In base 16, what is 16d37cf - 5?
16d37ca
In base 13, what is -664 - -4a?
-617
In base 10, what is -210 + -28473?
-28683
In base 12, what is 945533 - 0?
945533
In base 13, what is 69 - 1008a8?
-10083c
In base 3, what is -22212110001212 + 1?
-22212110001211
In base 5, what is 1132 - 3244201?
-3243014
In base 8, what is -2 + 751613415?
751613413
In base 8, what is 2 + 22453343?
22453345
In base 4, what is -121 + 122012121313?
122012121132
In base 7, what is 11532614 - -36?
11532653
In base 10, what is 35465847 + -3?
35465844
In base 5, what is 101124322424 + -11?
101124322413
In base 11, what is 7 - 618a61?
-618a55
In base 16, what is 0 - 287efa?
-287efa
In base 8, what is -2 - 405044605?
-405044607
In base 6, what is -45 - 310213?
-310302
In base 5, what is -2023344022341 - 3?
-2023344022344
In base 3, what is 1211111 - -21102201?
100021012
In base 4, what is -2003213103303 - -11?
-2003213103232
In base 12, what is 0 + -8916671?
-8916671
In base 6, what is -203130 + 342?
-202344
In base 11, what is -4a56 - -50aa?
154
In base 15, what is 3c34 + -90?
3b94
In base 6, what is -34554401444 + -4?
-34554401452
In base 6, what is -15452 + -3505411?
-3525303
In base 5, what is 231041213223 + -12?
231041213211
In base 15, what is -19612e - -3a?
-1960e4
In base 7, what is -101525314 + -32?
-101525346
In base 12, what is 3459261 + -7?
3459256
In base 15, what is 4d7dc - -6?
4d7e3
In base 10, what is -2878 + -8166?
-11044
In base 6, what is -30251 + -1123104?
-1153355
In base 12, what is -1 + 8761400?
87613bb
In base 8, what is -6056 - 543660?
-551736
In base 6, what is -54215 + -1401300?
-1455515
In base 8, what is -5 + 5704431?
5704424
In base 11, what is 8881 + 141a?
a1a0
In base 9, what is 322 - 3263564?
-3263242
In base 14, what is 2388 + -26a?
211c
In base 16, what is -4 - -85fcb7?
85fcb3
In base 16, what is -37d4761 + -3?
-37d4764
In base 13, what is -61c96 - -1157?
-60b3c
In base 6, what is -110221 + 1020403?
510142
In base 6, what is 5552 - 5151?
401
In base 8, what is -32 + 172645?
172613
In base 16, what is 2d38b0f + 5?
2d38b14
In base 16, what is -e0f679a + 5?
-e0f6795
In base 13, what is 21b + 775061?
77527c
In base 16, what is 4 + 5b1636?
5b163a
In base 12, what is -10179 + 944?
-b435
In base 7, what is 1051256 - 25?
1051231
In base 16, what is -287 + -66?
-2ed
In base 13, what is 165 + 3a87c1?
3a8956
In base 15, what is -5 - -20a4210?
20a420a
In base 16, what is -149 + 16dbc?
16c73
In base 6, what is 1245304 - -101?
1245405
In base 2, what is 110 + -11000001011000111011110?
-11000001011000111011000
In base 16, what is -45f593 - 62?
-45f5f5
In base 10, what is -60443 + -2336?
-62779
In base 3, what is -1110211112 - -101200010?
-1002011102
In base 14, what is -19 - 1a4b13?
-1a4b2c
In base 2, what is -1001111011110111111111 - 0?
-1001111011110111111111
In base 9, what is 12481 + 2003?
14484
In base 16, what is 3 + -93bef6d?
-93bef6a
In base 14, what is -993149c + -2?
-99314a0
In base 4, what is 12221222 - 21033?
12200123
In base 4, what is 3123 - 320023300?
-320020111
In base 11, what is 221 - -48a28?
49149
In base 15, what is a - 99a99?
-99a8e
In base 10, what is -10716246 + -1?
-10716247
In base 9, what is -782 + -73508?
-74401
In base 12, what is 36760 + -45?
36717
In base 15, what is d42a9 + -2a?
d427e
In base 11, what is -70 + -51a61?
-52021
In base 16, what is 13d - -877f?
88bc
In base 3, what is -21012111020022 + -100?
-21012111020122
In base 15, what is -3d03 - 18aa?
-56ad
In base 5, what is 1112021441 + 230?
1112022221
In base 9, what is -1221 + 3630?
2408
In base 10, what is -25429 - -8918?
-16511
In base 16, what is 3c1cda + 2?
3c1cdc
In base 9, what is -5 - 12487868?
-12487874
In base 4, what is 33020003 + -322?
33013021
In base 6, what is -44321000 - -25?
-44320531
In base 7, what is 2020 + 6254?
11304
In base 2, what is 111 - 11001001001100111000?
-11001001001100110001
In base 16, what is 7 + 64676a?
646771
In base 7, what is -635050 + 532?
-634215
In base 12, what is -586716 + -515?
-58702b
In base 15, what is -23525 + -179?
-2369e
In base 2, what is 101111010000 + -1010010101001000?
-1001100101111000
In base 13, what is -1206 + 533a?
4134
In base 16, what is -e + -62db8d?
-62db9b
In base 6, what is 20542 - -1423105?
1444051
In base 8, what is -571 - 2155020?
-2155611
In base 13, what is -701 + 3bcb?
34ca
In base 2, what is 1011111110100001 + -100000111111110?
111110110100011
In base 13, what is -4a90294 + -2?
-4a90296
In base 14, what is 1b40c + 121?
1b52d
In base 13, what is 197 + -33b?
-174
In base 12, what is 31018 - 1047?
2bb91
In base 3, what is 1011 - 120020021002111?
-120020021001100
In base 16, what is 61e2 - -1ac5?
7ca7
In base 14, what is 16 + 32d3a21?
32d3a37
In base 14, what is -4 + 8133b4?
8133b0
In base 15, what is a4ca - 426?
a0a4
In base 15, what is 220 - -257?
477
In base 7, what is 63626233 + 16?
63626252
In base 8, what is 213 + 22721?
23134
In base 13, what is 2 - 16a2b83a?
-16a2b838
In base 16, what is 1 - d82a7a8?
-d82a7a7
In base 11, what is -802596 + 280?
-802316
In base 13, what is -c9363 + 75?
-c92bb
In base 3, what is 210 + 2100000000110?
2100000001020
In base 15, what is -996 + -cece?
-d975
In base 5, what is -10444 + 1203110?
1142111
In base 12, what is 4 - 199a10a?
-199a106
In base 12, what is 2ab223 + 20?
2ab243
In base 7, what is 113111505 - -131?
113111636
In base 2, what is -1000001110000010111000 - 1100?
-1000001110000011000100
In base 10, what is 1027 + 111?
1138
In base 14, what is -34c835 + -48?
-34c87d
In base 5, what is 31 + -1432401?
-1432320
In base 9, what is 31375166 - 1?
31375165
In base 9, what is -6754160 - -1?
-6754158
In base 6, what is -15251422 + 3?
-15251415
In base 10, what is -226868 + 1?
-226867
In base 14, what is 6c - -1180793?
1180821
In base 2, what is 1010110011010000001101 + -110110?
1010110011001111010111
In base 14, what is -397a1 - -6db?
-390a4
In base 4, what is -123111020 + -10330?
-123122010
In base 11, what is 269 + -27965?
-276a7
In base 3, what is -2111 + 1000002011?
222222200
In base 12, what is 5 + -4126277?
-4126272
In base 3, what is -121120122202 + 101?
-121120122101
In base 13, what is ba + 49b9b?
49c88
In base 12, what is 1b1 - 10b2b?
-1093a
In base 13, what is -a8b + 26726?
25968
In base 12, what is 15 + 9579a32?
9579a47
In base 3, what is 1 + 211112210211101120?
211112210211101121
In base 7, what is 4 - 1625140052?
-1625140045
In base 12, what is 3 - -66644bb?
6664502
In base 5, what is 311 - -414402032?
414402343
In base 7, what is 115352 - 123450?
-5065
In base 2, what is -10001001110010100010101010011 + 100?
-10001001110010100010101001111
In base 3, what is -1002020000201101 + 0?
-1002020000201101
In base 16, what is -cd8 - 2e28?
-3b00
In base 14, what is -8480 + 6c?
-8412
In base 13, what is -30a01 + 608?
-303c6
In base 12, what is a172 - 801?
9571
In base 10, what is -94 - 50570?
-50664
In base 2, what is 100 - -1111010010111100100100?
1111010010111100101000
In base 15, what is -3 + -37d295c?
-37d2960
In base 7, what is 325152 - 535?
324314
In base 9, what is 52060740 - -5?
52060745
In base 2, what is -11010100 - 101000100?
-1000011000
In base 5, what is 2 - -1124312010?
1124312012
In base 8, what is -57260 + 26?
-57232
In base 3, what is 2210101101220 - -101?
2210101102021
In base 9, what is -27111550 - -15?
-27111534
In base 15, what is -15 + -38965e?
-389674
In base 16, what is -5 - a5ae19?
-a5ae1e
In base 9, what is 2 - 11776005?
-11776003
In base 4, what is -12203202 + 311201?
-11232001
In base 7, what is -112 + -31460101?
-31460213
In base 3, what is -221211001210 - 2020?
-221211011000
In base 5, what is 14110341 + 1213?
14112104
In base 14, what is -3988 + 0?
-3988
In base 10, what is 0 + -4373322?
-4373322
In base 15, what is 5a - -b9974?
b99ce
In base 7, what is 232423216 - -3?
232423